{"id":33,"date":"2025-05-16T11:32:41","date_gmt":"2025-05-16T11:32:41","guid":{"rendered":"https:\/\/realtorolaya.com\/site\/home\/"},"modified":"2025-10-28T13:21:29","modified_gmt":"2025-10-28T13:21:29","slug":"home","status":"publish","type":"page","link":"https:\/\/realtorolaya.com\/site\/","title":{"rendered":"Home"},"content":{"rendered":"\n\n\n\n\nUn realtor entiende las tendencias, precios y oportunidades que pueden beneficiarte.\n\n\nDesde la b\u00fasqueda de la propiedad hasta el cierre, evitando errores costosos.\n\n\nConseguimos las mejores condiciones para que saques el m\u00e1ximo provecho de tu inversi\u00f3n.\n\n\nFiltramos opciones y gestionamos tr\u00e1mites, para que no pierdas tiempo en procesos completos.\n\n\n\n\n\n\n\n\n<h2>JOIN OUR NEWSLETTER<\/h2>\n<h3><br><\/h3>\n\n\n\n\n\n\n\n\n\n\n\n<h2>what our client says<\/h2>\n\n\n\n\n\n<div style=\"text-align: start;\"><font color=\"#4d5156\" face=\"Roboto, Helvetica Neue, Arial, sans-serif\">Comprar mi primera casa era un sue\u00f1o y gracias a Olaya se hizo realidad. Ella estuvo conmigo en cada paso, d\u00e1ndome apoyo, confianza y siempre con la mejor disposici\u00f3n para responder todas mis dudas. Me hizo sentir acompa\u00f1ada y segura en un proceso que para m\u00ed era totalmente nuevo. No solo es una excelente realtor, tambi\u00e9n es una persona maravillosa que se preocupa de coraz\u00f3n por sus clientes. Estoy inmensamente agradecida y la recomendar\u00eda una y mil veces. Gracias por la paciencia. \u2665\ufe0f<\/font><\/div>\nTuve una excelente experiencia trabajando con Olaya. Desde el primer contacto fue muy profesional, atenta y siempre dispuesta a resolver mis dudas. Me acompa\u00f1\u00f3 en cada paso del proceso, explicando con claridad y d\u00e1ndome confianza en una decisi\u00f3n tan importante como lo es la compra de una propiedad. Su trato humano, su paciencia y su conocimiento del mercado hicieron toda la diferencia. Sin duda la recomiendo al 100% para quienes buscan alguien confiable y comprometida con sus clientes.\n\n\n\n\n\n","protected":false},"excerpt":{"rendered":"","protected":false},"author":1,"featured_media":0,"parent":0,"menu_order":0,"comment_status":"closed","ping_status":"closed","template":"","meta":{"pagelayer_contact_templates":[],"_pagelayer_content":"","footnotes":""},"class_list":["post-33","page","type-page","status-publish","hentry"],"_links":{"self":[{"href":"https:\/\/realtorolaya.com\/site\/wp-json\/wp\/v2\/pages\/33","targetHints":{"allow":["GET"]}}],"collection":[{"href":"https:\/\/realtorolaya.com\/site\/wp-json\/wp\/v2\/pages"}],"about":[{"href":"https:\/\/realtorolaya.com\/site\/wp-json\/wp\/v2\/types\/page"}],"author":[{"embeddable":true,"href":"https:\/\/realtorolaya.com\/site\/wp-json\/wp\/v2\/users\/1"}],"replies":[{"embeddable":true,"href":"https:\/\/realtorolaya.com\/site\/wp-json\/wp\/v2\/comments?post=33"}],"version-history":[{"count":6,"href":"https:\/\/realtorolaya.com\/site\/wp-json\/wp\/v2\/pages\/33\/revisions"}],"predecessor-version":[{"id":222,"href":"https:\/\/realtorolaya.com\/site\/wp-json\/wp\/v2\/pages\/33\/revisions\/222"}],"wp:attachment":[{"href":"https:\/\/realtorolaya.com\/site\/wp-json\/wp\/v2\/media?parent=33"}],"curies":[{"name":"wp","href":"https:\/\/api.w.org\/{rel}","templated":true}]}}